79?
151
Calculate the remainder when 1831 is divided by 5.
1
What is the remainder when 17381 is divided by 4340?
21
What is the remainder when 255403 is divided by 134?
133
Calculate the remainder when 8705 is divided by 76.
41
What is the remainder when 1117619 is divided by 45?
44
Calculate the remainder when 208142 is divided by 13.
12
What is the remainder when 840595 is divided by 62?
61
What is the remainder when 478631 is divided by 98?
97
What is the remainder when 32290 is divided by 20?
10
What is the remainder when 2925 is divided by 433?
327
What is the remainder when 58918 is divided by 9754?
394
What is the remainder when 4499 is divided by 240?
179
Calculate the remainder when 5382516 is divided by 2691253.
10
What is the remainder when 16103 is divided by 5237?
392
Calculate the remainder when 4295 is divided by 57.
20
What is the remainder when 7892 is divided by 543?
290
Calculate the remainder when 4239323 is divided by 13.
10
Calculate the remainder when 5918 is divided by 547.
448
Calculate the remainder when 736459 is divided by 67.
62
Calculate the remainder when 7608 is divided by 949.
16
What is the remainder when 132920 is divided by 148?
16
What is the remainder when 4483 is divided by 4473?
10
Calculate the remainder when 10258 is divided by 90.
88
Calculate the remainder when 1221 is divided by 6.
3
What is the remainder when 3236 is divided by 3180?
56
Calculate the remainder when 13700 is divided by 455.
50
Calculate the remainder when 115329 is divided by 247.
227
What is the remainder when 313177 is divided by 46?
9
What is the remainder when 133801 is divided by 11146?
49
Calculate the remainder when 18738 is divided by 4673.
46
Calculate the remainder when 18158 is divided by 41.
36
Calculate the remainder when 3533 is divided by 23.
14
Calculate the remainder when 10982 is divided by 2715.
122
Calculate the remainder when 9078 is divided by 10.
8
What is the remainder when 4972 is divided by 155?
12
What is the remainder when 2617771 is divided by 38?
27
What is the remainder when 3721036 is divided by 349?
347
What is the remainder when 2037 is divided by 246?
69
Calculate the remainder when 73625 is divided by 91.
6
What is the remainder when 33100 is divided by 45?
25
What is the remainder when 4195 is divided by 74?
51
What is the remainder when 1252 is divided by 1012?
240
What is the remainder when 1283335 is divided by 87?
85
What is the remainder when 10283 is divided by 27?
23
What is the remainder when 7244 is divided by 73?
17
Calculate the remainder when 1955271 is divided by 17.
16
What is the remainder when 56767 is divided by 83?
78
Calculate the remainder when 1537022 is divided by 76.
74
What is the remainder when 4302 is divided by 545?
487
Calculate the remainder when 1901257 is divided by 1324.
1317
Calculate the remainder when 78966 is divided by 1129.
1065
Calculate the remainder when 30226 is divided by 2182.
1860
Calculate the remainder when 518 is divided by 75.
68
Calculate the remainder when 1595 is divided by 370.
115
What is the remainder when 104223 is divided by 101?
92
What is the remainder when 23942 is divided by 11752?
438
What is the remainder when 205634 is divided by 596?
14
What is the remainder when 656 is divided by 165?
161
What is the remainder when 2032 is divided by 174?
118
What is the remainder when 7965 is divided by 341?
122
Calculate the remainder when 41041 is divided by 20504.
33
Calculate the remainder when 90677 is divided by 438.
11
Calculate the remainder when 6302867 is divided by 245.
242
What is the remainder when 6596 is divided by 274?
20
Calculate the remainder when 4171 is divided by 800.
171
What is the remainder when 383221 is divided by 62?
61
Calculate the remainder when 1823 is divided by 1715.
108
Calculate the remainder when 10164 is divided by 263.
170
What is the remainder when 12957 is divided by 12843?
114
Calculate the remainder when 74876 is divided by 624.
620
What is the remainder when 814 is divided by 480?
334
What is the remainder when 2996 is divided by 15?
11
What is the remainder when 17003 is divided by 105?
98
Calculate the remainder when 19653 is divided by 182.
179
What is the remainder when 5177 is divided by 5164?
13
What is the remainder when 103942 is divided by 732?
730
Calculate the remainder when 51703 is divided by 425.
278
What is the remainder when 3226 is divided by 2565?
661
What is the remainder when 8926 is divided by 4458?
10
Calculate the remainder when 2719739 is divided by 366.
359
What is the remainder when 50714 is divided by 188?
142
Calculate the remainder when 6758 is divided by 378.
332
Calculate the remainder when 41804 is divided by 32.
12
Calculate the remainder when 24932 is divided by 1083.
23
What is the remainder when 200309 is divided by 511?
508
Calculate the remainder when 1192 is divided by 34.
2
What is the remainder when 58328 is divided by 21?
11
Calculate the remainder when 6335 is divided by 3162.
11
What is the remainder when 19457 is divided by 1024?
1
What is the remainder when 29452 is divided by 980?
52
What is the remainder when 66956 is divided by 28?
8
Calculate the remainder when 213671 is divided by 73.
0
What is the remainder when 4370 is divided by 162?
158
Calculate the remainder when 148563 is divided by 196.
191
What is the remainder when 3916 is divided by 29?
1
Calculate the remainder when 78994 is divided by 586.
470
What is the remainder when 4963 is divided by 697?
84
What is the remainder when 770797 is divided by 752?
749
What is the remainder when 56747 is divided by 209?
108
What is the remainder when 4409 is divided by 28?
13
What is the remainder when 2200 is divided by 701?
97
What is the remainder when 8436 is divided by 22?
10
What is the remainder when 19610 is divided by 49?
10
Calculate the remainder when 3055 is divided by 756.
31
What is the remainder when 1087472 is divided by 22?
12
What is the remainder when 2743 is divided by 40?
23
Calculate the remainder when 550 is divided by 209.
132
Calculate the remainder when 176793 is divided by 961.
930
Calculate the remainder when 2110 is divided by 2064.
46
What is the remainder when 22288 is divided by 59?
45
Calculate the remainder when 12665 is divided by 16.
9
What is the remainder when 8114 is divided by 502?
82
Calculate the remainder when 97472 is divided by 6960.
32
What is the remainder when 43313 is divided by 182?
179
What is the remainder when 123115 is divided by 250?
115
What is the remainder when 769 is divided by 355?
59
Calculate the remainder when 314458 is divided by 60.
58
Calculate the remainder when 75264 is divided by 248.
120
Calculate the remainder when 5031347 is divided by 1175.
1172
What is the remainder when 191940 is divided by 31988?
12
What is the remainder when 268141 is divided by 107?
106
Calculate the remainder when 121312 is divided by 60643.
26
Calculate the remainder when 8604 is divided by 87.
78
Calculate the remainder when 8179 is divided by 197.
102
What is the remainder when 3911 is divided by 640?
71
What is the remainder when 52058 is divided by 26015?
28
What is the remainder when 361 is divided by 69?
16
Calculate the remainder when 1396 is divided by 613.
170
Calculate the remainder when 23307 is divided by 9.
6
Calculate the remainder when 12986 is divided by 4327.
5
What is the remainder when 2661 is divided by 40?
21
What is the remainder when 612 is divided by 107?
77
Calculate the remainder when 158300 is divided by 305.
5
What is the remainder when 580753 is divided by 1249?
1217
Calculate the remainder when 14112 is divided by 6740.
632
Calculate the remainder when 3079 is divided by 2730.
349
What is the remainder when 115347 is divided by 28835?
7
Calculate the remainder when 9842 is divided by 702.
14
What is the remainder when 38511 is divided by 2400?
111
Calculate the remainder when 49106 is divided by 341.
2
Calculate the remainder when 291599 is divided by 7288.
79
What is the remainder when 2445 is divided by 469?
100
What is the remainder when 7369 is divided by 638?
351
What is the remainder when 112952 is divided by 2510?
2
Calculate the remainder when 4912899 is divided by 18.
15
Calculate the remainder when 16485 is divided by